at is the value of (8 - 3) + (-3 - -3 - -8)?
13
Evaluate (-5 - -10) + 1 + -12 + 5.
-1
6 + (2 - 16 - (-2 + 2 + 3))
-11
-2 - 10 - 1 - -21
8
What is the value of (-73 - -70) + 7 + 3 + 0?
7
Evaluate -34 + 0 - -1 - (-1636 + 1622).
-19
Evaluate (0 - 1 - (1 + 16)) + 9.
-9
Calculate (-9 - (-29 - -17)) + -18 + 41.
26
What is 2 + 9 - (3 + 1 - 7 - -7)?
7
5 + (7 - 0) + -5 - (11 - 1)
-3
Calculate 21 + (7 - 11) + -50 + 0.
-33
What is the value of 29 + 17 - (-2 - -29)?
19
Calculate -2 + (2 - 6) + (30 - 16).
8
Calculate -2 - -1 - (23 + -35 - (-13 + 2)).
0
Calculate 2 - ((-2 - 0) + (16 - (-14 - -8))).
-18
What is the value of 25 + -3 + -50 - (-5 + 1)?
-24
What is the value of -6 + (-8 - -22 - -2)?
10
Evaluate 7 + ((10 - 9) + -4 - -9).
13
1 + 1 - ((28 - 5) + -16 - 8)
3
What is -7 - (-11 + 11 - -2 - (-4 - -7))?
-6
Calculate -1 + -1 + -5 + 8 + (-10 - -9).
0
What is 6 + -2 + 2 + -12 - -2?
-4
Evaluate -4 + (-1 - (13 + -3 - 4)).
-11
What is 0 - (8 - (-2 - -3)) - (23 - 4)?
-26
(-12 + 19 - (2 + 0)) + -104 + 105
6
10 + -38 - (-47 + 6)
13
-8 - (-16 - 3 - (48 + -48))
11
Evaluate -18 - (5 + (19 - 13 - 3)).
-26
Calculate (7 + -4 - 3 - -22) + -9.
13
What is 7 + (34 - 30) - (1 + 19)?
-9
Calculate 17 + 1 - (-513 + 517).
14
Calculate -2 + (1 - -2) - (-9 + 9).
1
Evaluate -11 - (-12 - (-13 - (-5 + -28))).
21
Calculate -11 - (-17 + 22) - -24.
8
What is the value of (1 + 12 - (-45 + 42)) + 0?
16
(3 - 14) + (-5 - (-1 + -6))
-9
What is 25 - -2 - 9 - -2?
20
Calculate 0 - 25 - -12 - (-1 - 1).
-11
Evaluate (8 - (-3 + 5 + -1 + 1)) + -20.
-14
Evaluate (50 - 27 - -3) + -17.
9
15 - 7 - 3 - -13
18
What is 58 + 0 - (97 + -54)?
15
What is (-6 - 72) + 6 + 36?
-36
Evaluate 13 - 14 - (-1 + -5 + 3) - 6.
-4
Evaluate 9 - (5 + -5 + 12) - -16.
13
What is the value of 14 + (-34 - (-19 - -3))?
-4
What is the value of 7 - (25 - 26 - (0 + -5))?
3
Evaluate -2 + 18 + -295 + 280.
1
Evaluate (4 - 7) + 33 - 49.
-19
(-68 - -60) + (7 - 2)
-3
Evaluate (-19 - -12) + (7 - 6) + (-3 - -5).
-4
What is the value of 1 + (1 - 20) + (-173 - -183) + 29?
21
Evaluate 10 - (9 + -9 + 4 + 6).
0
What is 5 - (16 - (-13 + 33))?
9
Evaluate (8 + -8 - (-14 + 5)) + -1 + -6.
2
What is -90 + 91 + (3 - -2)?
6
Evaluate 3 + -7 - -3 - (31 + -39).
7
What is (1 - -7) + (-6 - -9) + -47 + 45?
9
Evaluate -4 + 1 + (-22 + 9 - -9).
-7
12 - 2 - 5 - (26 + -18)
-3
What is the value of 53 + -66 + 13 + 0?
0
What is 1 - (0 + (1 - 4) + 1 + 1)?
2
Calculate (-24 + 10 + -9 - -5) + 8.
-10
What is the value of -23 + 21 - (-5 + 3)?
0
What is the value of (-9 - 3) + 24 - (-11 - -4)?
19
Calculate 1 - (4 - 51 - -28).
20
-6 + (-3 - -4 - 1) + 1 + -7
-12
What is 10 + (0 - 6) + -3 + (5 - 4)?
2
What is 0 + 12 + (15 + -14 - (-6 - -3))?
16
-18 + -17 + (-17 - -54)
2
-7 + 0 + 5 - (7 - (5 - 7))
-11
15 + (7 - 2) + -1 + -2 + -7
10
Evaluate 6 - (3 - (2 - 6)) - 1 - 4.
-6
What is the value of (8 - 14) + -16 + 0?
-22
Calculate -16 + 18 - -3 - -22 - 6.
21
What is 4 - (2 - 11 - -1) - 1?
11
What is -29 + 2 + 9 - ((-6 - 0) + -1)?
-11
25 + (5 - 13 - (-8 + 5 - -2))
18
What is -15 + (-21 - -13) + 11 - -16?
4
0 + 20 + -7 + 1 + (-13 - -4)
5
What is the value of (0 - (16 - 8 - 6) - -26) + 10?
34
What is 18 + (-13 - -9 - 4)?
10
Calculate 1 + 1 + -3 + -4 + 11.
6
Calculate -161 - -181 - (31 + -4).
-7
4 - (-4 + 8 + -26 + 17)
9
What is the value of 6 + -14 + 4 - -4 - -2?
2
What is 3 + 4 + 7 + -8 + -16?
-10
Evaluate 7 + -2 + -13 - (-15 + 18).
-11
What is 7 - (-4 + (-8 - (-5 + (-2 - 6))))?
6
Calculate 8 - (-2 - (1 - (9 - 2))).
4
What is 11 + (-1 - -8 - 7) + -37?
-26
9 + -4 + -2 + 1 + 2
6
What is 4 + (-1 + -7 - -2) - (-14 - -21)?
-9
-19 + (-4 - (-8 + -13))
-2
15 - (-5 + (2 - 2) + -187 + 195)
12
What is the value of -585 + 587 - (16 - 2)?
-12
Evaluate (3 - 0) + -41 + 38.
0
What is -12 + (2 + -1 - -6) - -4 - 9?
-10
What is the value of 18 + (-13 - -2 - (-33 - -17))?
23
What is the value of -18 + (2 + -8 - (-57 + 56)) + 0?
-23
Calculate (25 + -36 - (-9 - 1)) + -4.
-5
(-6 + 2 + 4 - 10) + (18 - -3)
11
Evaluate (6 - (-2 - -13)) + -12 + 11.
-6
12 + (9 + -17 + 5 - 0)
9
0 - -11 - (-2 + 12 + (12 - 25))
14
What is the value of 19 + -22 - (-28 + 16)?
9
Evaluate 5 + 41 + (-3 + 7 - 14).
36
Calculate -3 + 7 + -12 + 9 + -5.
-4
Evaluate 2 - (-14 + 25 - 15).
6
Calculate -330 + 336 - (9 + 1).
-4
What is (3 - (-2 - 0)) + (-12 + 27 - 36)?
-16
Evaluate 13 + -3 + 15 + -16 + -2 + 4.
11
What is the value of (-12 - -40 - 7) + -12?
9
-20 + -1 + -7 + 18 - -2 - -22
14
What is the value of (9 - 1) + 0 + 3 + 0?
11
What is the value of -29 + (27 - 24) + 5?
-21
Calculate (1 - (7 + -7) - 10) + 6 + 7.
4
Evaluate (140 - 124 - (-1 + 0 - 2)) + -7.
12
What is (1 - (-5 - 6)) + (11 - 3)?
20
45 + -38 - (1 - -7)
-1
What is 5 + 4 + (-8 - -4) + 5?
10
Calculate -10 + (0 - (-4 - (8 - 9))) - 0.
-7
What is -6 + (-1 - (-18 + 9 + 17))?
-15
0 + 2 - (-7 + 4 - 1 - -11)
-5
What is (311 - 276) + 3 + -25?
13
Calculate (2 - -1) + (8 - (13 + -11)).
9
Evaluate (101 - 115) + -1 + 3.
-12
What is (-53 - -81) + -7 + (-3 - -1)?
19
What is the value of (10 - -1) + 3 + 1 - (-430 - -421)?
24
-6 + (14 - 3) + -11 + (4 - 1)
-3
Calculate (27 - 1) + -102 + 86 - (1 - -9).
0
Evaluate -1 - (8 - 4) - -7 - (8 + -35).
29
Calculate 0 - ((-1 - -2) + 34 + -30) - -7.
2
What is 9 - (-13 + 22) - 12?
-12
Evaluate (20 - (-1 + -13)) + -19.
15
Evaluate 0 + 19 + -12 - 34.
-27
Evaluate -3 + 6 + -3 - (9 - 22).
13
What is the value of -19 - (-18 + (58 - 27))?
-32
Evaluate (-1 - (1 + 1)) + -3 + -1 + -6.
-13
6 + (-3 - -1) + 2 - (-33 + 37)
2
-15 + -1 + (-9 - (-17 + 14))
-22
Evaluate -20 - -14 - -28 - (1 + (-6 - 3)).
30
Evaluate (-12 - 4) + 5 - (-2 + 8 + -9).
-8
What is the value of -908 - -898 - (-16 - 0)?
6
Evaluate 0 + -1 + 471 + -463.
7
What is -4 - (-5 + 19) - -20 - (-16 + 1)?
17
Evaluate -3 + (-11 - -52) + -21.
17
What is (-6 - -17 - 0) + (1 + 1 - 9)?
4
What is (-2 - -11) + (4 - 14)?
-1
Evaluate -6 + 8 - 28 - (-1 + -12).
-13
What is (6 - (-12 - -21)) + 3?
0
Calculate -9 - (5 + (-2 - (33 + -6))).
15
What is (-4 - -11 - (-8 + 11)) + 5 - 9?
0
Calculate 42 + -7 + -53 + -20.
-38
What is the value of 1 + -9 - (468 + -464)?
-12
-2 + 27 + -26 + -25
-26
Evaluate (498 - 501) + (12 - 1).
8
Calculate -2 - ((-65 - -65) + -2 + 0 + 5).
-5
Evaluate -4 - (5 - (4 + (5 - 11 - 0))).
-11
Evaluate -3 + (13 - -2) + -3 + -4.
5
Calculate 3 + (13 - -1 - 8 - 20).
-11
What is the value of 31 - (62 - (43 + -36))?
-24
Calculate 7 + (-5 - (-3 + 2) - (-98 + 102)).
-1
Calculate 18 - (-25 - -23) - 12.
8
Calculate 23 - -10 - 17 - 19.
-3
-5 + -1 + 10 + -6 - (3 + -2)
-3
Evaluate -3 - ((1 - (8 - 3)) + 8) - -22.
15
What is (-18 - (-34 + 35)) + -13?
-32
What is (-3 - (-8 - (2 + (-1 - 0)))) + -5?
1
What is the value of (-24 - (-67 - 5)) + -21?
27
0 + -1 + -1 + 7 + 16 + -21
0
What is -35 + ((-42 - -43) + 6 + -1 - -4)?
-25
Evaluate (27 - (-6 - -33)) + -27.
-27
Evaluate (12 - 13) + 11 + -2 + 3.
11
Evaluate -18 - ((-4 - 0) + 2 + -8 - -5).
-13
9 + -4 + (4 - -2)
11
What is (20 - 37) + 42 - 6?
19
What is the value of -11 + 4 - ((-51 - -7) + 8 - -6)?
23
What is the value of 2 - -20 - (219 + -197)?
0
Calculate 0 - 0 - (-191 + 178).
13
(-5 - -5 - 3) + 0 + 5 - -8
10
Evaluate -1 + -18 - (-667 - -660).
-12
Calculate 28 - 11 - 10 - (3 - -7).
-3
What is 12 + 1 - ((-19 - 0) + 19)?
13
Evaluate (-36 - -1 - -9) + 48.
22
What is the value of 27 - 15 - (8 + 1 + 2)?
1
34 + -5 + 0 - 3
26
Calculate (2 - (1 + -2)) + (1812 - 1828).
-13
(-7 - -15) + -15 - (-8 - -3)
-2
What is (-40 - -12) + 14 + -5 + 2?
-17
What is the value of (1 - 6) + (-5 - 50) + 64?
4
What is the value of 1 + (-10 - (2 + 1 + -2) - -6)?
-4
19 - 19 - (13 + (2 - 0))
-15
65 + -78 + (-6 - -32)
13
(0 - (-3 - 4 - -7 - 6)) + -19
-13
Evaluate (1 - (3 - 11)) + (-9 - 13).
-13
What is the value of 13 + -7 + 8 + -12?
2
What is -18 + (14 - 16) + 5 + 6?
-9
What is the value of 14 + 23 + (23 - 82)?
-22
Evaluate -6 - 8 - (12 + (12 - 24)).
-14
Evaluate -9 + -4 + -27 + 13 + 19.
-8
-6 + 7 + (7 + (-4 - -2) - -1)
7
Evaluate (7 - 0) + -158 + 136 + (5 - 1).
-11
What is the value of -19 - (3 + -14) - -11?
3
Evaluate 13 + 16 + (4 - 21).
12
What is the value of -16 - (2 + 2) - 7?
-27
0 - (0 + 2) - -5 - (267 + -238)
-26
What is (-15 - (-11 - 6)) + 7?
9
What is the value of 9 + -17 + 4 + -2 + -13?
-19
Calculate (18 - 2) + -30 + 18 - (7 + 0).
-3
Calculate (0 - (-15 + (-9 - -17))) + 1 + -9.
-1
What is -12 - 